{"id":45,"date":"2016-12-02T15:57:05","date_gmt":"2016-12-02T13:57:05","guid":{"rendered":"http:\/\/www.instalater.eu.sk\/?page_id=45"},"modified":"2016-12-08T12:24:16","modified_gmt":"2016-12-08T10:24:16","slug":"kanalizacia","status":"publish","type":"page","link":"https:\/\/instalater.eu.sk\/?page_id=45","title":{"rendered":"Kanaliz\u00e1cia"},"content":{"rendered":"<p><strong><span style=\"font-family: arial, helvetica, sans-serif; font-size: 18pt;\">\u010cistenie kanaliz\u00e1ci\u00ed, odtokov, monitoring potrubia, pokl\u00e1dka a v\u00fdmena kanaliz\u00e1ci\u00ed, oprava kanaliza\u010dn\u00e9ho a vodovodn\u00e9ho potrubia, vodoin\u0161talat\u00e9rske pr\u00e1ce, zemn\u00e9 pr\u00e1ce.<\/span><\/strong><\/p>\n<p><img loading=\"lazy\" decoding=\"async\" class=\"alignnone wp-image-66\" src=\"http:\/\/www.instalater.eu.sk\/wp-content\/uploads\/2016\/12\/Sansewer-300x225.jpg\" alt=\"instalater.eu.sk Sansewer-300x225 Kanaliz\u00e1cia  \" width=\"772\" height=\"579\" srcset=\"https:\/\/instalater.eu.sk\/wp-content\/uploads\/2016\/12\/Sansewer-300x225.jpg 300w, https:\/\/instalater.eu.sk\/wp-content\/uploads\/2016\/12\/Sansewer-768x576.jpg 768w, https:\/\/instalater.eu.sk\/wp-content\/uploads\/2016\/12\/Sansewer-1024x768.jpg 1024w\" sizes=\"auto, (max-width: 772px) 100vw, 772px\" \/><\/p>\n<p><span style=\"font-family: arial, helvetica, sans-serif; font-size: 14pt;\">Kanaliz\u00e1cia domov\u00e1 a spla\u0161kov\u00e1<\/span><\/p>\n<ul>\n<li><span style=\"font-family: arial, helvetica, sans-serif; font-size: 14pt;\">Domov\u00e1 kanaliz\u00e1cia<\/span><\/li>\n<li><span style=\"font-family: arial, helvetica, sans-serif; font-size: 14pt;\">Spla\u0161kov\u00e1 kanaliz\u00e1cia<\/span><\/li>\n<li><span style=\"font-family: arial, helvetica, sans-serif; font-size: 14pt;\">Da\u017e\u010fov\u00e1 kanaliz\u00e1cia<\/span><\/li>\n<li><span style=\"font-family: arial, helvetica, sans-serif; font-size: 14pt;\">Zaria\u010fovacie predmety (\u0161tandardn\u00e9 , nad\u0161tandardn\u00e9)<\/span><\/li>\n<\/ul>\n","protected":false},"excerpt":{"rendered":"<p>\u010cistenie kanaliz\u00e1ci\u00ed, odtokov, monitoring potrubia, pokl\u00e1dka a v\u00fdmena kanaliz\u00e1ci\u00ed, oprava kanaliza\u010dn\u00e9ho a vodovodn\u00e9ho potrubia, vodoin\u0161talat\u00e9rske pr\u00e1ce, zemn\u00e9 pr\u00e1ce. Kanaliz\u00e1cia domov\u00e1 a spla\u0161kov\u00e1 Domov\u00e1 kanaliz\u00e1cia Spla\u0161kov\u00e1 kanaliz\u00e1cia Da\u017e\u010fov\u00e1 kanaliz\u00e1cia Zaria\u010fovacie predmety (\u0161tandardn\u00e9 , nad\u0161tandardn\u00e9)<\/p>\n","protected":false},"author":1,"featured_media":0,"parent":18,"menu_order":0,"comment_status":"closed","ping_status":"closed","template":"","meta":{"footnotes":""},"class_list":["post-45","page","type-page","status-publish","hentry"],"yoast_head":"<!-- This site is optimized with the Yoast SEO plugin v27.0 - https:\/\/yoast.com\/product\/yoast-seo-wordpress\/ -->\n<title>Kanaliz\u00e1cia | instalater.eu.sk<\/title>\n<meta name=\"robots\" content=\"index, follow, max-snippet:-1, max-image-preview:large, max-video-preview:-1\" \/>\n<link rel=\"canonical\" href=\"https:\/\/instalater.eu.sk\/?page_id=45\" \/>\n<meta property=\"og:locale\" content=\"sk_SK\" \/>\n<meta property=\"og:type\" content=\"article\" \/>\n<meta property=\"og:title\" content=\"Kanaliz\u00e1cia | instalater.eu.sk\" \/>\n<meta property=\"og:description\" content=\"\u010cistenie kanaliz\u00e1ci\u00ed, odtokov, monitoring potrubia, pokl\u00e1dka a v\u00fdmena kanaliz\u00e1ci\u00ed, oprava kanaliza\u010dn\u00e9ho a vodovodn\u00e9ho potrubia, vodoin\u0161talat\u00e9rske pr\u00e1ce, zemn\u00e9 pr\u00e1ce. Kanaliz\u00e1cia domov\u00e1 a spla\u0161kov\u00e1 Domov\u00e1 kanaliz\u00e1cia Spla\u0161kov\u00e1 kanaliz\u00e1cia Da\u017e\u010fov\u00e1 kanaliz\u00e1cia Zaria\u010fovacie predmety (\u0161tandardn\u00e9 , nad\u0161tandardn\u00e9)\" \/>\n<meta property=\"og:url\" content=\"https:\/\/instalater.eu.sk\/?page_id=45\" \/>\n<meta property=\"og:site_name\" content=\"instalater.eu.sk\" \/>\n<meta property=\"article:modified_time\" content=\"2016-12-08T10:24:16+00:00\" \/>\n<meta property=\"og:image\" content=\"http:\/\/www.instalater.eu.sk\/wp-content\/uploads\/2016\/12\/Sansewer-300x225.jpg\" \/>\n<meta name=\"twitter:card\" content=\"summary_large_image\" \/>\n<script type=\"application\/ld+json\" class=\"yoast-schema-graph\">{\"@context\":\"https:\/\/schema.org\",\"@graph\":[{\"@type\":\"WebPage\",\"@id\":\"https:\/\/instalater.eu.sk\/?page_id=45\",\"url\":\"https:\/\/instalater.eu.sk\/?page_id=45\",\"name\":\"Kanaliz\u00e1cia | instalater.eu.sk\",\"isPartOf\":{\"@id\":\"https:\/\/instalater.eu.sk\/#website\"},\"primaryImageOfPage\":{\"@id\":\"https:\/\/instalater.eu.sk\/?page_id=45#primaryimage\"},\"image\":{\"@id\":\"https:\/\/instalater.eu.sk\/?page_id=45#primaryimage\"},\"thumbnailUrl\":\"http:\/\/www.instalater.eu.sk\/wp-content\/uploads\/2016\/12\/Sansewer-300x225.jpg\",\"datePublished\":\"2016-12-02T13:57:05+00:00\",\"dateModified\":\"2016-12-08T10:24:16+00:00\",\"breadcrumb\":{\"@id\":\"https:\/\/instalater.eu.sk\/?page_id=45#breadcrumb\"},\"inLanguage\":\"sk-SK\",\"potentialAction\":[{\"@type\":\"ReadAction\",\"target\":[\"https:\/\/instalater.eu.sk\/?page_id=45\"]}]},{\"@type\":\"ImageObject\",\"inLanguage\":\"sk-SK\",\"@id\":\"https:\/\/instalater.eu.sk\/?page_id=45#primaryimage\",\"url\":\"http:\/\/www.instalater.eu.sk\/wp-content\/uploads\/2016\/12\/Sansewer-300x225.jpg\",\"contentUrl\":\"http:\/\/www.instalater.eu.sk\/wp-content\/uploads\/2016\/12\/Sansewer-300x225.jpg\"},{\"@type\":\"BreadcrumbList\",\"@id\":\"https:\/\/instalater.eu.sk\/?page_id=45#breadcrumb\",\"itemListElement\":[{\"@type\":\"ListItem\",\"position\":1,\"name\":\"Home\",\"item\":\"https:\/\/instalater.eu.sk\/\"},{\"@type\":\"ListItem\",\"position\":2,\"name\":\"Slu\u017eby\",\"item\":\"https:\/\/instalater.eu.sk\/?page_id=18\"},{\"@type\":\"ListItem\",\"position\":3,\"name\":\"Kanaliz\u00e1cia\"}]},{\"@type\":\"WebSite\",\"@id\":\"https:\/\/instalater.eu.sk\/#website\",\"url\":\"https:\/\/instalater.eu.sk\/\",\"name\":\"instalater.eu.sk\",\"description\":\"In\u0161talat\u00e9r Trnava JK-TT, voda, k\u00farenie, plyn, vodoin\u0161talat\u00e9r, k\u00faren\u00e1r, plyn\u00e1r, vodoin\u0161tal\u00e1cie\",\"potentialAction\":[{\"@type\":\"SearchAction\",\"target\":{\"@type\":\"EntryPoint\",\"urlTemplate\":\"https:\/\/instalater.eu.sk\/?s={search_term_string}\"},\"query-input\":{\"@type\":\"PropertyValueSpecification\",\"valueRequired\":true,\"valueName\":\"search_term_string\"}}],\"inLanguage\":\"sk-SK\"}]}<\/script>\n<!-- \/ Yoast SEO plugin. -->","yoast_head_json":{"title":"Kanaliz\u00e1cia | instalater.eu.sk","robots":{"index":"index","follow":"follow","max-snippet":"max-snippet:-1","max-image-preview":"max-image-preview:large","max-video-preview":"max-video-preview:-1"},"canonical":"https:\/\/instalater.eu.sk\/?page_id=45","og_locale":"sk_SK","og_type":"article","og_title":"Kanaliz\u00e1cia | instalater.eu.sk","og_description":"\u010cistenie kanaliz\u00e1ci\u00ed, odtokov, monitoring potrubia, pokl\u00e1dka a v\u00fdmena kanaliz\u00e1ci\u00ed, oprava kanaliza\u010dn\u00e9ho a vodovodn\u00e9ho potrubia, vodoin\u0161talat\u00e9rske pr\u00e1ce, zemn\u00e9 pr\u00e1ce. Kanaliz\u00e1cia domov\u00e1 a spla\u0161kov\u00e1 Domov\u00e1 kanaliz\u00e1cia Spla\u0161kov\u00e1 kanaliz\u00e1cia Da\u017e\u010fov\u00e1 kanaliz\u00e1cia Zaria\u010fovacie predmety (\u0161tandardn\u00e9 , nad\u0161tandardn\u00e9)","og_url":"https:\/\/instalater.eu.sk\/?page_id=45","og_site_name":"instalater.eu.sk","article_modified_time":"2016-12-08T10:24:16+00:00","og_image":[{"url":"http:\/\/www.instalater.eu.sk\/wp-content\/uploads\/2016\/12\/Sansewer-300x225.jpg","type":"","width":"","height":""}],"twitter_card":"summary_large_image","schema":{"@context":"https:\/\/schema.org","@graph":[{"@type":"WebPage","@id":"https:\/\/instalater.eu.sk\/?page_id=45","url":"https:\/\/instalater.eu.sk\/?page_id=45","name":"Kanaliz\u00e1cia | instalater.eu.sk","isPartOf":{"@id":"https:\/\/instalater.eu.sk\/#website"},"primaryImageOfPage":{"@id":"https:\/\/instalater.eu.sk\/?page_id=45#primaryimage"},"image":{"@id":"https:\/\/instalater.eu.sk\/?page_id=45#primaryimage"},"thumbnailUrl":"http:\/\/www.instalater.eu.sk\/wp-content\/uploads\/2016\/12\/Sansewer-300x225.jpg","datePublished":"2016-12-02T13:57:05+00:00","dateModified":"2016-12-08T10:24:16+00:00","breadcrumb":{"@id":"https:\/\/instalater.eu.sk\/?page_id=45#breadcrumb"},"inLanguage":"sk-SK","potentialAction":[{"@type":"ReadAction","target":["https:\/\/instalater.eu.sk\/?page_id=45"]}]},{"@type":"ImageObject","inLanguage":"sk-SK","@id":"https:\/\/instalater.eu.sk\/?page_id=45#primaryimage","url":"http:\/\/www.instalater.eu.sk\/wp-content\/uploads\/2016\/12\/Sansewer-300x225.jpg","contentUrl":"http:\/\/www.instalater.eu.sk\/wp-content\/uploads\/2016\/12\/Sansewer-300x225.jpg"},{"@type":"BreadcrumbList","@id":"https:\/\/instalater.eu.sk\/?page_id=45#breadcrumb","itemListElement":[{"@type":"ListItem","position":1,"name":"Home","item":"https:\/\/instalater.eu.sk\/"},{"@type":"ListItem","position":2,"name":"Slu\u017eby","item":"https:\/\/instalater.eu.sk\/?page_id=18"},{"@type":"ListItem","position":3,"name":"Kanaliz\u00e1cia"}]},{"@type":"WebSite","@id":"https:\/\/instalater.eu.sk\/#website","url":"https:\/\/instalater.eu.sk\/","name":"instalater.eu.sk","description":"In\u0161talat\u00e9r Trnava JK-TT, voda, k\u00farenie, plyn, vodoin\u0161talat\u00e9r, k\u00faren\u00e1r, plyn\u00e1r, vodoin\u0161tal\u00e1cie","potentialAction":[{"@type":"SearchAction","target":{"@type":"EntryPoint","urlTemplate":"https:\/\/instalater.eu.sk\/?s={search_term_string}"},"query-input":{"@type":"PropertyValueSpecification","valueRequired":true,"valueName":"search_term_string"}}],"inLanguage":"sk-SK"}]}},"_links":{"self":[{"href":"https:\/\/instalater.eu.sk\/index.php?rest_route=\/wp\/v2\/pages\/45","targetHints":{"allow":["GET"]}}],"collection":[{"href":"https:\/\/instalater.eu.sk\/index.php?rest_route=\/wp\/v2\/pages"}],"about":[{"href":"https:\/\/instalater.eu.sk\/index.php?rest_route=\/wp\/v2\/types\/page"}],"author":[{"embeddable":true,"href":"https:\/\/instalater.eu.sk\/index.php?rest_route=\/wp\/v2\/users\/1"}],"replies":[{"embeddable":true,"href":"https:\/\/instalater.eu.sk\/index.php?rest_route=%2Fwp%2Fv2%2Fcomments&post=45"}],"version-history":[{"count":4,"href":"https:\/\/instalater.eu.sk\/index.php?rest_route=\/wp\/v2\/pages\/45\/revisions"}],"predecessor-version":[{"id":98,"href":"https:\/\/instalater.eu.sk\/index.php?rest_route=\/wp\/v2\/pages\/45\/revisions\/98"}],"up":[{"embeddable":true,"href":"https:\/\/instalater.eu.sk\/index.php?rest_route=\/wp\/v2\/pages\/18"}],"wp:attachment":[{"href":"https:\/\/instalater.eu.sk\/index.php?rest_route=%2Fwp%2Fv2%2Fmedia&parent=45"}],"curies":[{"name":"wp","href":"https:\/\/api.w.org\/{rel}","templated":true}]}}