{"id":25,"date":"2016-12-01T16:27:36","date_gmt":"2016-12-01T14:27:36","guid":{"rendered":"http:\/\/www.instalater.eu.sk\/?page_id=25"},"modified":"2016-12-08T12:18:00","modified_gmt":"2016-12-08T10:18:00","slug":"ponuka-prace","status":"publish","type":"page","link":"https:\/\/instalater.eu.sk\/?page_id=25","title":{"rendered":"Ponuka pr\u00e1ce"},"content":{"rendered":"<p style=\"text-align: center;\"><span style=\"font-family: arial, helvetica, sans-serif; font-size: 14pt;\"><strong>PONUKA PR\u00c1CE:<\/strong> Ste vyu\u010den\u00fd v obore vodoin\u0161talat\u00e9r, alebo z\u00e1mo\u010dn\u00edk? <\/span><\/p>\n<p style=\"text-align: center;\"><span style=\"font-family: arial, helvetica, sans-serif; font-size: 14pt;\">M\u00e1te chu\u0165 pracova\u0165 v na\u0161om t\u00edme?<\/span><\/p>\n<p style=\"text-align: center;\">\n<p style=\"text-align: center;\"><span style=\"font-family: arial, helvetica, sans-serif; font-size: 14pt;\">Nev\u00e1hajte a po\u0161lite n\u00e1m \u017eivotopis a motiva\u010dn\u00fd list na info@instalater.eu.sk<\/span><\/p>\n","protected":false},"excerpt":{"rendered":"<p>PONUKA PR\u00c1CE: Ste vyu\u010den\u00fd v obore vodoin\u0161talat\u00e9r, alebo z\u00e1mo\u010dn\u00edk? M\u00e1te chu\u0165 pracova\u0165 v na\u0161om t\u00edme? Nev\u00e1hajte a po\u0161lite n\u00e1m \u017eivotopis a motiva\u010dn\u00fd list na info@instalater.eu.sk<\/p>\n","protected":false},"author":1,"featured_media":0,"parent":0,"menu_order":0,"comment_status":"closed","ping_status":"closed","template":"","meta":{"footnotes":""},"class_list":["post-25","page","type-page","status-publish","hentry"],"yoast_head":"<!-- This site is optimized with the Yoast SEO plugin v27.0 - https:\/\/yoast.com\/product\/yoast-seo-wordpress\/ -->\n<title>Ponuka pr\u00e1ce | instalater.eu.sk<\/title>\n<meta name=\"robots\" content=\"index, follow, max-snippet:-1, max-image-preview:large, max-video-preview:-1\" \/>\n<link rel=\"canonical\" href=\"https:\/\/instalater.eu.sk\/?page_id=25\" \/>\n<meta property=\"og:locale\" content=\"sk_SK\" \/>\n<meta property=\"og:type\" content=\"article\" \/>\n<meta property=\"og:title\" content=\"Ponuka pr\u00e1ce | instalater.eu.sk\" \/>\n<meta property=\"og:description\" content=\"PONUKA PR\u00c1CE: Ste vyu\u010den\u00fd v obore vodoin\u0161talat\u00e9r, alebo z\u00e1mo\u010dn\u00edk? M\u00e1te chu\u0165 pracova\u0165 v na\u0161om t\u00edme? Nev\u00e1hajte a po\u0161lite n\u00e1m \u017eivotopis a motiva\u010dn\u00fd list na info@instalater.eu.sk\" \/>\n<meta property=\"og:url\" content=\"https:\/\/instalater.eu.sk\/?page_id=25\" \/>\n<meta property=\"og:site_name\" content=\"instalater.eu.sk\" \/>\n<meta property=\"article:modified_time\" content=\"2016-12-08T10:18:00+00:00\" \/>\n<meta name=\"twitter:card\" content=\"summary_large_image\" \/>\n<script type=\"application\/ld+json\" class=\"yoast-schema-graph\">{\"@context\":\"https:\/\/schema.org\",\"@graph\":[{\"@type\":\"WebPage\",\"@id\":\"https:\/\/instalater.eu.sk\/?page_id=25\",\"url\":\"https:\/\/instalater.eu.sk\/?page_id=25\",\"name\":\"Ponuka pr\u00e1ce | instalater.eu.sk\",\"isPartOf\":{\"@id\":\"https:\/\/instalater.eu.sk\/#website\"},\"datePublished\":\"2016-12-01T14:27:36+00:00\",\"dateModified\":\"2016-12-08T10:18:00+00:00\",\"breadcrumb\":{\"@id\":\"https:\/\/instalater.eu.sk\/?page_id=25#breadcrumb\"},\"inLanguage\":\"sk-SK\",\"potentialAction\":[{\"@type\":\"ReadAction\",\"target\":[\"https:\/\/instalater.eu.sk\/?page_id=25\"]}]},{\"@type\":\"BreadcrumbList\",\"@id\":\"https:\/\/instalater.eu.sk\/?page_id=25#breadcrumb\",\"itemListElement\":[{\"@type\":\"ListItem\",\"position\":1,\"name\":\"Home\",\"item\":\"https:\/\/instalater.eu.sk\/\"},{\"@type\":\"ListItem\",\"position\":2,\"name\":\"Ponuka pr\u00e1ce\"}]},{\"@type\":\"WebSite\",\"@id\":\"https:\/\/instalater.eu.sk\/#website\",\"url\":\"https:\/\/instalater.eu.sk\/\",\"name\":\"instalater.eu.sk\",\"description\":\"In\u0161talat\u00e9r Trnava JK-TT, voda, k\u00farenie, plyn, vodoin\u0161talat\u00e9r, k\u00faren\u00e1r, plyn\u00e1r, vodoin\u0161tal\u00e1cie\",\"potentialAction\":[{\"@type\":\"SearchAction\",\"target\":{\"@type\":\"EntryPoint\",\"urlTemplate\":\"https:\/\/instalater.eu.sk\/?s={search_term_string}\"},\"query-input\":{\"@type\":\"PropertyValueSpecification\",\"valueRequired\":true,\"valueName\":\"search_term_string\"}}],\"inLanguage\":\"sk-SK\"}]}<\/script>\n<!-- \/ Yoast SEO plugin. -->","yoast_head_json":{"title":"Ponuka pr\u00e1ce | instalater.eu.sk","robots":{"index":"index","follow":"follow","max-snippet":"max-snippet:-1","max-image-preview":"max-image-preview:large","max-video-preview":"max-video-preview:-1"},"canonical":"https:\/\/instalater.eu.sk\/?page_id=25","og_locale":"sk_SK","og_type":"article","og_title":"Ponuka pr\u00e1ce | instalater.eu.sk","og_description":"PONUKA PR\u00c1CE: Ste vyu\u010den\u00fd v obore vodoin\u0161talat\u00e9r, alebo z\u00e1mo\u010dn\u00edk? M\u00e1te chu\u0165 pracova\u0165 v na\u0161om t\u00edme? Nev\u00e1hajte a po\u0161lite n\u00e1m \u017eivotopis a motiva\u010dn\u00fd list na info@instalater.eu.sk","og_url":"https:\/\/instalater.eu.sk\/?page_id=25","og_site_name":"instalater.eu.sk","article_modified_time":"2016-12-08T10:18:00+00:00","twitter_card":"summary_large_image","schema":{"@context":"https:\/\/schema.org","@graph":[{"@type":"WebPage","@id":"https:\/\/instalater.eu.sk\/?page_id=25","url":"https:\/\/instalater.eu.sk\/?page_id=25","name":"Ponuka pr\u00e1ce | instalater.eu.sk","isPartOf":{"@id":"https:\/\/instalater.eu.sk\/#website"},"datePublished":"2016-12-01T14:27:36+00:00","dateModified":"2016-12-08T10:18:00+00:00","breadcrumb":{"@id":"https:\/\/instalater.eu.sk\/?page_id=25#breadcrumb"},"inLanguage":"sk-SK","potentialAction":[{"@type":"ReadAction","target":["https:\/\/instalater.eu.sk\/?page_id=25"]}]},{"@type":"BreadcrumbList","@id":"https:\/\/instalater.eu.sk\/?page_id=25#breadcrumb","itemListElement":[{"@type":"ListItem","position":1,"name":"Home","item":"https:\/\/instalater.eu.sk\/"},{"@type":"ListItem","position":2,"name":"Ponuka pr\u00e1ce"}]},{"@type":"WebSite","@id":"https:\/\/instalater.eu.sk\/#website","url":"https:\/\/instalater.eu.sk\/","name":"instalater.eu.sk","description":"In\u0161talat\u00e9r Trnava JK-TT, voda, k\u00farenie, plyn, vodoin\u0161talat\u00e9r, k\u00faren\u00e1r, plyn\u00e1r, vodoin\u0161tal\u00e1cie","potentialAction":[{"@type":"SearchAction","target":{"@type":"EntryPoint","urlTemplate":"https:\/\/instalater.eu.sk\/?s={search_term_string}"},"query-input":{"@type":"PropertyValueSpecification","valueRequired":true,"valueName":"search_term_string"}}],"inLanguage":"sk-SK"}]}},"_links":{"self":[{"href":"https:\/\/instalater.eu.sk\/index.php?rest_route=\/wp\/v2\/pages\/25","targetHints":{"allow":["GET"]}}],"collection":[{"href":"https:\/\/instalater.eu.sk\/index.php?rest_route=\/wp\/v2\/pages"}],"about":[{"href":"https:\/\/instalater.eu.sk\/index.php?rest_route=\/wp\/v2\/types\/page"}],"author":[{"embeddable":true,"href":"https:\/\/instalater.eu.sk\/index.php?rest_route=\/wp\/v2\/users\/1"}],"replies":[{"embeddable":true,"href":"https:\/\/instalater.eu.sk\/index.php?rest_route=%2Fwp%2Fv2%2Fcomments&post=25"}],"version-history":[{"count":4,"href":"https:\/\/instalater.eu.sk\/index.php?rest_route=\/wp\/v2\/pages\/25\/revisions"}],"predecessor-version":[{"id":93,"href":"https:\/\/instalater.eu.sk\/index.php?rest_route=\/wp\/v2\/pages\/25\/revisions\/93"}],"wp:attachment":[{"href":"https:\/\/instalater.eu.sk\/index.php?rest_route=%2Fwp%2Fv2%2Fmedia&parent=25"}],"curies":[{"name":"wp","href":"https:\/\/api.w.org\/{rel}","templated":true}]}}